{"version":"1.0","provider_name":"Les Heures Musicales de Cunault","provider_url":"https:\/\/www.lesheuresmusicalesdecunault.fr\/en\/","title":"Concert Violon et Orgue - Les Heures Musicales de Cunault","type":"rich","width":600,"height":338,"html":"<blockquote class=\"wp-embedded-content\" data-secret=\"XztSyXsUZg\"><a href=\"https:\/\/www.lesheuresmusicalesdecunault.fr\/en\/boutique\/non-classe\/musique-de-chambre\/\">Concert Violon et Orgue<\/a><\/blockquote><iframe sandbox=\"allow-scripts\" security=\"restricted\" src=\"https:\/\/www.lesheuresmusicalesdecunault.fr\/en\/boutique\/non-classe\/musique-de-chambre\/embed\/#?secret=XztSyXsUZg\" width=\"600\" height=\"338\" title=\"&#8220;Concert Violon et Orgue&#8221; &#8212; Les Heures Musicales de Cunault\" data-secret=\"XztSyXsUZg\" frameborder=\"0\" marginwidth=\"0\" marginheight=\"0\" scrolling=\"no\" class=\"wp-embedded-content\"><\/iframe><script type=\"text\/javascript\">\n\/* <![CDATA[ *\/\n\/*! This file is auto-generated *\/\n!function(d,l){\"use strict\";l.querySelector&&d.addEventListener&&\"undefined\"!=typeof URL&&(d.wp=d.wp||{},d.wp.receiveEmbedMessage||(d.wp.receiveEmbedMessage=function(e){var t=e.data;if((t||t.secret||t.message||t.value)&&!\/[^a-zA-Z0-9]\/.test(t.secret)){for(var s,r,n,a=l.querySelectorAll('iframe[data-secret=\"'+t.secret+'\"]'),o=l.querySelectorAll('blockquote[data-secret=\"'+t.secret+'\"]'),c=new RegExp(\"^https?:$\",\"i\"),i=0;i<o.length;i++)o[i].style.display=\"none\";for(i=0;i<a.length;i++)s=a[i],e.source===s.contentWindow&&(s.removeAttribute(\"style\"),\"height\"===t.message?(1e3<(r=parseInt(t.value,10))?r=1e3:~~r<200&&(r=200),s.height=r):\"link\"===t.message&&(r=new URL(s.getAttribute(\"src\")),n=new URL(t.value),c.test(n.protocol))&&n.host===r.host&&l.activeElement===s&&(d.top.location.href=t.value))}},d.addEventListener(\"message\",d.wp.receiveEmbedMessage,!1),l.addEventListener(\"DOMContentLoaded\",function(){for(var e,t,s=l.querySelectorAll(\"iframe.wp-embedded-content\"),r=0;r<s.length;r++)(t=(e=s[r]).getAttribute(\"data-secret\"))||(t=Math.random().toString(36).substring(2,12),e.src+=\"#?secret=\"+t,e.setAttribute(\"data-secret\",t)),e.contentWindow.postMessage({message:\"ready\",secret:t},\"*\")},!1)))}(window,document);\n\/\/# sourceURL=https:\/\/www.lesheuresmusicalesdecunault.fr\/wp-includes\/js\/wp-embed.min.js\n\/* ]]> *\/\n<\/script>\n","description":"Jaleh Perego, violon, Damien H\u00e9risset, orgue. T.A. Vitali, J.S. Bach, GF Haendel, C.M. Widor Le concert inaugural de la trente-quatri\u00e8me saison des Heures Musicales de Cunault sera confi\u00e9 \u00e0 la violoniste Jaleh Perego et \u00e0 l&#8217;organiste Damien H\u00e9risset, titulaire de... Continue Reading &rarr;","thumbnail_url":"https:\/\/www.lesheuresmusicalesdecunault.fr\/contents\/medias\/2016\/03\/Jaleh-Perego-300x225.jpg"}

Jaleh Perego, violon, Damien Hérisset, orgue. T.A. Vitali, J.S. Bach, GF Haendel, C.M. Widor Le concert inaugural de la trente-quatrième saison des Heures Musicales de Cunault sera confié à la violoniste Jaleh Perego et à l&#8217;organiste Damien Hérisset, titulaire de... Continue Reading &rarr;
