{"id":311,"date":"2016-01-08T09:50:47","date_gmt":"2016-01-08T08:50:47","guid":{"rendered":"http:\/\/www.lesheuresmusicalesdecunault.fr\/?post_type=product&#038;p=311"},"modified":"2017-03-28T16:41:17","modified_gmt":"2017-03-28T15:41:17","slug":"quintette-aquilon","status":"publish","type":"product","link":"https:\/\/www.lesheuresmusicalesdecunault.fr\/en\/boutique\/non-classe\/quintette-aquilon\/","title":{"rendered":"Quintette AQUILON"},"content":{"rendered":"<p><strong>Quintette \u00e0 vent Aquilon<\/strong><\/p>\n<p>Marion Ralincourt, <em>fl\u00fbte<\/em>, Claire Sirjacobs, <em>hautbois<\/em>, St\u00e9phanie Corre, <em>clarinette<\/em>, Milena Viotti, <em>cor<\/em>, Ga\u00eblle Habert, <em>basson<\/em>.<\/p>\n<p><strong>W.A. Mozart, F. Danzi, A. Piazzola, C. Macdowall, P. D&#8217;Riviera<\/strong><\/p>\n<p>Par sa sobri\u00e9t\u00e9 architecturale et sa remarquable acoustique, la belle \u00e9glise romane de Tr\u00e8ves offrira au Quintette Aquilon, un cadre id\u00e9al pour illustrer l&#8217;homog\u00e9n\u00e9it\u00e9, la pr\u00e9cision, l&#8217;expressivit\u00e9 et la l\u00e9g\u00e8ret\u00e9, autant de qualit\u00e9s que l&#8217;on reconnait \u00e0\u00a0cet ensemble exclusivement f\u00e9minin. Apr\u00e8s le classicisme de Mozart, avec une transcription de sa <em>Fantaisie pour orgue Ko\u00ebchel 594<\/em>, le Quintette Aquilon proposera le modernisme de Piazzola, celui du clarinettiste et saxophoniste cubain Paquito d&#8217;Rivera ou de la compositrice anglaise C\u00e9cilia Macdowall, mondialement reconnue comme une repr\u00e9sentante \u00e9minente de la nouvelle g\u00e9n\u00e9ration.<\/p>\n<p>Ce programme, en concours de finalisation, est susceptible de modification.<\/p>\n<p><a href=\"https:\/\/www.lesheuresmusicalesdecunault.fr\/contents\/medias\/2016\/01\/20130109-aquilon-7110_Francois-Sechet-2-e1452243007931.jpg\" rel=\"attachment wp-att-313\" data-rel=\"lightbox-image-0\" data-rl_title=\"\" data-rl_caption=\"\" title=\"\"><img loading=\"lazy\" decoding=\"async\" class=\"alignnone wp-image-313\" src=\"https:\/\/www.lesheuresmusicalesdecunault.fr\/contents\/medias\/2016\/01\/20130109-aquilon-7110_Francois-Sechet-2-945x629.jpg\" alt=\"Quintet Aquilon\" width=\"550\" height=\"366\" \/><\/a><\/p>\n","protected":false},"excerpt":{"rendered":"<p>Quintette \u00e0 vent Aquilon Marion Ralincourt, fl\u00fbte, Claire Sirjacobs, hautbois, St\u00e9phanie Corre, clarinette, Milena Viotti, cor, Ga\u00eblle Habert, basson. W.A. Mozart, F. Danzi, A. Piazzola, C. Macdowall, P. D&#8217;Riviera Par sa sobri\u00e9t\u00e9 architecturale et sa remarquable acoustique, la belle \u00e9glise&#8230; <a class=\"more-link\" href=\"https:\/\/www.lesheuresmusicalesdecunault.fr\/en\/boutique\/non-classe\/quintette-aquilon\/\">Continue Reading &rarr;<\/a><\/p>\n","protected":false},"featured_media":312,"comment_status":"open","ping_status":"closed","template":"","meta":{"_acf_changed":false},"product_brand":[],"product_cat":[40],"product_tag":[],"class_list":["post-311","product","type-product","status-publish","has-post-thumbnail","product_cat-non-classe","first","instock","shipping-taxable","purchasable","product-type-simple"],"acf":[],"_links":{"self":[{"href":"https:\/\/www.lesheuresmusicalesdecunault.fr\/en\/wp-json\/wp\/v2\/product\/311","targetHints":{"allow":["GET"]}}],"collection":[{"href":"https:\/\/www.lesheuresmusicalesdecunault.fr\/en\/wp-json\/wp\/v2\/product"}],"about":[{"href":"https:\/\/www.lesheuresmusicalesdecunault.fr\/en\/wp-json\/wp\/v2\/types\/product"}],"replies":[{"embeddable":true,"href":"https:\/\/www.lesheuresmusicalesdecunault.fr\/en\/wp-json\/wp\/v2\/comments?post=311"}],"wp:featuredmedia":[{"embeddable":true,"href":"https:\/\/www.lesheuresmusicalesdecunault.fr\/en\/wp-json\/wp\/v2\/media\/312"}],"wp:attachment":[{"href":"https:\/\/www.lesheuresmusicalesdecunault.fr\/en\/wp-json\/wp\/v2\/media?parent=311"}],"wp:term":[{"taxonomy":"product_brand","embeddable":true,"href":"https:\/\/www.lesheuresmusicalesdecunault.fr\/en\/wp-json\/wp\/v2\/product_brand?post=311"},{"taxonomy":"product_cat","embeddable":true,"href":"https:\/\/www.lesheuresmusicalesdecunault.fr\/en\/wp-json\/wp\/v2\/product_cat?post=311"},{"taxonomy":"product_tag","embeddable":true,"href":"https:\/\/www.lesheuresmusicalesdecunault.fr\/en\/wp-json\/wp\/v2\/product_tag?post=311"}],"curies":[{"name":"wp","href":"https:\/\/api.w.org\/{rel}","templated":true}]}}

<p><strong>Quintette à vent Aquilon</strong></p>
<p>Marion Ralincourt, <em>flûte</em>, Claire Sirjacobs, <em>hautbois</em>, Stéphanie Corre, <em>clarinette</em>, Milena Viotti, <em>cor</em>, Gaëlle Habert, <em>basson</em>.</p>
<p><strong>W.A. Mozart, F. Danzi, A. Piazzola, C. Macdowall, P. D&#8217;Riviera</strong></p>
<p>Par sa sobriété architecturale et sa remarquable acoustique, la belle église romane de Trèves offrira au Quintette Aquilon, un cadre idéal pour illustrer l&#8217;homogénéité, la précision, l&#8217;expressivité et la légèreté, autant de qualités que l&#8217;on reconnait à cet ensemble exclusivement féminin. Après le classicisme de Mozart, avec une transcription de sa <em>Fantaisie pour orgue Koëchel 594</em>, le Quintette Aquilon proposera le modernisme de Piazzola, celui du clarinettiste et saxophoniste cubain Paquito d&#8217;Rivera ou de la compositrice anglaise Cécilia Macdowall, mondialement reconnue comme une représentante éminente de la nouvelle génération.</p>
<p>Ce programme, en concours de finalisation, est susceptible de modification.</p>
<p><a href="https://www.lesheuresmusicalesdecunault.fr/contents/medias/2016/01/20130109-aquilon-7110_Francois-Sechet-2-e1452243007931.jpg" rel="attachment wp-att-313" data-rel="lightbox-image-0" data-rl_title="" data-rl_caption="" title=""><img loading="lazy" decoding="async" class="alignnone wp-image-313" src="https://www.lesheuresmusicalesdecunault.fr/contents/medias/2016/01/20130109-aquilon-7110_Francois-Sechet-2-945x629.jpg" alt="Quintet Aquilon" width="550" height="366" /></a></p>

<p>Quintette à vent Aquilon Marion Ralincourt, flûte, Claire Sirjacobs, hautbois, Stéphanie Corre, clarinette, Milena Viotti, cor, Gaëlle Habert, basson. W.A. Mozart, F. Danzi, A. Piazzola, C. Macdowall, P. D&#8217;Riviera Par sa sobriété architecturale et sa remarquable acoustique, la belle église&#8230; <a class="more-link" href="https://www.lesheuresmusicalesdecunault.fr/en/boutique/non-classe/quintette-aquilon/">Continue Reading &rarr;</a></p>
