{"id":333,"date":"2016-01-18T16:53:26","date_gmt":"2016-01-18T15:53:26","guid":{"rendered":"http:\/\/www.lesheuresmusicalesdecunault.fr\/?post_type=product&#038;p=333"},"modified":"2017-03-16T10:49:03","modified_gmt":"2017-03-16T09:49:03","slug":"musiciens-de-la-garde-republicaine","status":"publish","type":"product","link":"https:\/\/www.lesheuresmusicalesdecunault.fr\/en\/boutique\/non-classe\/musiciens-de-la-garde-republicaine\/","title":{"rendered":"Les Trompettes de Versailles"},"content":{"rendered":"<p><strong>Les Trompettes de Versailles<\/strong><\/p>\n<p>St\u00e9phane Vaillant et Nicolas Pardo, <em>trompettes<\/em>, Marie-Madeleine Landrieu, <em>percussionniste, <\/em>Georges Bessonnet<em>, organiste<\/em><\/p>\n<p><strong>C. Monteverdi, G.F. Haendel, J.S. Bach, M.R. Delalande, J.B. Lully, J. Alain, G. Bessonnet<\/strong>.<\/p>\n<p>Le concert de cl\u00f4ture de la 34\u00e8me \u00e9dition des Heures Musicales de Cunault s&#8217;inscrit \u00e0 la fois dans la tradition et dans la nouveaut\u00e9 puisqu&#8217;au duo ou trio g\u00e9n\u00e9ralement compos\u00e9 d&#8217;une ou de deux trompettes associ\u00e9es \u00e0 l&#8217;orgue de la Prieurale s&#8217;adjoint un nouveau partenaire &#8221;royal&#8221;, en l&#8217;occurrence les timbales et percussions de l&#8217;orchestre baroque. Pour un temps, gr\u00e2ce \u00e0 l&#8217;Ensemble &#8221;Trompettes de Versailles&#8221; et par la magie de la musique, nous retrouverons tant\u00f4t l&#8217;univers de l&#8217;\u00e9glise Saint Marc de Venise, tant\u00f4t celui de la cath\u00e9drale de Westminster ou du ch\u00e2teau de Versailles \u00e0 l&#8217;apog\u00e9e\u00a0\u00a0du r\u00e8gne de Louis XIV. Du c\u0153ur de Londres au riche quartier de Chelsea, nous suivrons \u00e9galement le cours de la Tamise, accompagn\u00e9s par la majest\u00e9 et l&#8217;\u00e9clat de la <em>Water Music<\/em> de Haendel, qui mettra le point d&#8217;orgue \u00e0 nos quatre rendez-vous de l&#8217;ann\u00e9e 2016.<\/p>\n<p>&nbsp;<\/p>\n<p>&nbsp;<\/p>\n<p>&nbsp;<\/p>\n<p>&nbsp;<\/p>\n<p>&nbsp;<\/p>\n","protected":false},"excerpt":{"rendered":"<p>Les Trompettes de Versailles St\u00e9phane Vaillant et Nicolas Pardo, trompettes, Marie-Madeleine Landrieu, percussionniste, Georges Bessonnet, organiste C. Monteverdi, G.F. Haendel, J.S. Bach, M.R. Delalande, J.B. Lully, J. Alain, G. Bessonnet. Le concert de cl\u00f4ture de la 34\u00e8me \u00e9dition des Heures&#8230; <a class=\"more-link\" href=\"https:\/\/www.lesheuresmusicalesdecunault.fr\/en\/boutique\/non-classe\/musiciens-de-la-garde-republicaine\/\">Continue Reading &rarr;<\/a><\/p>\n","protected":false},"featured_media":0,"comment_status":"open","ping_status":"closed","template":"","meta":{"_acf_changed":false},"product_brand":[],"product_cat":[40],"product_tag":[],"class_list":["post-333","product","type-product","status-publish","product_cat-non-classe","first","instock","shipping-taxable","purchasable","product-type-simple"],"acf":[],"_links":{"self":[{"href":"https:\/\/www.lesheuresmusicalesdecunault.fr\/en\/wp-json\/wp\/v2\/product\/333","targetHints":{"allow":["GET"]}}],"collection":[{"href":"https:\/\/www.lesheuresmusicalesdecunault.fr\/en\/wp-json\/wp\/v2\/product"}],"about":[{"href":"https:\/\/www.lesheuresmusicalesdecunault.fr\/en\/wp-json\/wp\/v2\/types\/product"}],"replies":[{"embeddable":true,"href":"https:\/\/www.lesheuresmusicalesdecunault.fr\/en\/wp-json\/wp\/v2\/comments?post=333"}],"wp:attachment":[{"href":"https:\/\/www.lesheuresmusicalesdecunault.fr\/en\/wp-json\/wp\/v2\/media?parent=333"}],"wp:term":[{"taxonomy":"product_brand","embeddable":true,"href":"https:\/\/www.lesheuresmusicalesdecunault.fr\/en\/wp-json\/wp\/v2\/product_brand?post=333"},{"taxonomy":"product_cat","embeddable":true,"href":"https:\/\/www.lesheuresmusicalesdecunault.fr\/en\/wp-json\/wp\/v2\/product_cat?post=333"},{"taxonomy":"product_tag","embeddable":true,"href":"https:\/\/www.lesheuresmusicalesdecunault.fr\/en\/wp-json\/wp\/v2\/product_tag?post=333"}],"curies":[{"name":"wp","href":"https:\/\/api.w.org\/{rel}","templated":true}]}}

<p><strong>Les Trompettes de Versailles</strong></p>
<p>Stéphane Vaillant et Nicolas Pardo, <em>trompettes</em>, Marie-Madeleine Landrieu, <em>percussionniste, </em>Georges Bessonnet<em>, organiste</em></p>
<p><strong>C. Monteverdi, G.F. Haendel, J.S. Bach, M.R. Delalande, J.B. Lully, J. Alain, G. Bessonnet</strong>.</p>
<p>Le concert de clôture de la 34ème édition des Heures Musicales de Cunault s&#8217;inscrit à la fois dans la tradition et dans la nouveauté puisqu&#8217;au duo ou trio généralement composé d&#8217;une ou de deux trompettes associées à l&#8217;orgue de la Prieurale s&#8217;adjoint un nouveau partenaire &#8221;royal&#8221;, en l&#8217;occurrence les timbales et percussions de l&#8217;orchestre baroque. Pour un temps, grâce à l&#8217;Ensemble &#8221;Trompettes de Versailles&#8221; et par la magie de la musique, nous retrouverons tantôt l&#8217;univers de l&#8217;église Saint Marc de Venise, tantôt celui de la cathédrale de Westminster ou du château de Versailles à l&#8217;apogée  du règne de Louis XIV. Du cœur de Londres au riche quartier de Chelsea, nous suivrons également le cours de la Tamise, accompagnés par la majesté et l&#8217;éclat de la <em>Water Music</em> de Haendel, qui mettra le point d&#8217;orgue à nos quatre rendez-vous de l&#8217;année 2016.</p>
<p>&nbsp;</p>
<p>&nbsp;</p>
<p>&nbsp;</p>
<p>&nbsp;</p>
<p>&nbsp;</p>

<p>Les Trompettes de Versailles Stéphane Vaillant et Nicolas Pardo, trompettes, Marie-Madeleine Landrieu, percussionniste, Georges Bessonnet, organiste C. Monteverdi, G.F. Haendel, J.S. Bach, M.R. Delalande, J.B. Lully, J. Alain, G. Bessonnet. Le concert de clôture de la 34ème édition des Heures&#8230; <a class="more-link" href="https://www.lesheuresmusicalesdecunault.fr/en/boutique/non-classe/musiciens-de-la-garde-republicaine/">Continue Reading &rarr;</a></p>
