{"id":571,"date":"2016-04-10T16:37:36","date_gmt":"2016-04-10T15:37:36","guid":{"rendered":"http:\/\/www.lesheuresmusicalesdecunault.fr\/?post_type=product&#038;p=571"},"modified":"2017-03-28T16:41:34","modified_gmt":"2017-03-28T15:41:34","slug":"musique-de-chambre","status":"publish","type":"product","link":"https:\/\/www.lesheuresmusicalesdecunault.fr\/en\/boutique\/non-classe\/musique-de-chambre\/","title":{"rendered":"Concert Violon et Orgue"},"content":{"rendered":"<p>Jaleh Perego, violon, Damien H\u00e9risset, orgue.<\/p>\n<p><strong>T.A. Vitali, J.S. Bach, GF Haendel, C.M. Widor<\/strong><\/p>\n<p>Le concert inaugural de la trente-quatri\u00e8me saison des Heures Musicales de Cunault sera confi\u00e9 \u00e0 la violoniste Jaleh Perego et \u00e0 l&#8217;organiste Damien H\u00e9risset, titulaire de l&#8217;orgue de la Prieurale de Cunault et directeur musical des H.M.C. La virtuosit\u00e9 et la sensibilit\u00e9 de celle qui durant son enfance avait eu l&#8217;honneur et la joie de correspondre avec Sir Yehudi Menuhin, s&#8217;exprimeront pleinement dans le vaste espace sonore qu&#8217;offre l&#8217;\u00e9difice.\u00a0\u00a0\u00a0\u00a0\u00a0\u00a0\u00a0\u00a0\u00a0\u00a0\u00a0\u00a0<img loading=\"lazy\" decoding=\"async\" class=\"wp-image-508 aligncenter\" src=\"https:\/\/www.lesheuresmusicalesdecunault.fr\/contents\/medias\/2016\/03\/Jaleh-Perego-300x225.jpg\" alt=\"Jaleh Perego\" width=\"6\" height=\"5\" srcset=\"https:\/\/www.lesheuresmusicalesdecunault.fr\/contents\/medias\/2016\/03\/Jaleh-Perego-300x300.jpg 300w, https:\/\/www.lesheuresmusicalesdecunault.fr\/contents\/medias\/2016\/03\/Jaleh-Perego-100x100.jpg 100w, https:\/\/www.lesheuresmusicalesdecunault.fr\/contents\/medias\/2016\/03\/Jaleh-Perego-150x100.jpg 150w, https:\/\/www.lesheuresmusicalesdecunault.fr\/contents\/medias\/2016\/03\/Jaleh-Perego-350x350.jpg 350w, https:\/\/www.lesheuresmusicalesdecunault.fr\/contents\/medias\/2016\/03\/Jaleh-Perego-280x200.jpg 280w, https:\/\/www.lesheuresmusicalesdecunault.fr\/contents\/medias\/2016\/03\/Jaleh-Perego-200x150.jpg 200w, https:\/\/www.lesheuresmusicalesdecunault.fr\/contents\/medias\/2016\/03\/Jaleh-Perego.jpg 480w\" sizes=\"auto, (max-width: 6px) 100vw, 6px\" \/><\/p>\n<p><img loading=\"lazy\" decoding=\"async\" class=\"wp-image-508 alignnone\" src=\"https:\/\/www.lesheuresmusicalesdecunault.fr\/contents\/medias\/2016\/03\/Jaleh-Perego-300x225.jpg\" alt=\"Jaleh Perego\" width=\"197\" height=\"148\" srcset=\"https:\/\/www.lesheuresmusicalesdecunault.fr\/contents\/medias\/2016\/03\/Jaleh-Perego-300x225.jpg 300w, https:\/\/www.lesheuresmusicalesdecunault.fr\/contents\/medias\/2016\/03\/Jaleh-Perego-200x150.jpg 200w, https:\/\/www.lesheuresmusicalesdecunault.fr\/contents\/medias\/2016\/03\/Jaleh-Perego.jpg 480w\" sizes=\"auto, (max-width: 197px) 100vw, 197px\" \/><\/p>\n<p>De son c\u00f4t\u00e9, comme accompagnateur ou comme soliste, Damien H\u00e9risset \u00e9crira une <img loading=\"lazy\" decoding=\"async\" class=\"alignright size-medium wp-image-637\" src=\"https:\/\/www.lesheuresmusicalesdecunault.fr\/contents\/medias\/2016\/04\/Damien-H\u00e9risset-199x300.jpg\" alt=\"Damien H\u00e9risset\" width=\"199\" height=\"300\" srcset=\"https:\/\/www.lesheuresmusicalesdecunault.fr\/contents\/medias\/2016\/04\/Damien-H\u00e9risset-199x300.jpg 199w, https:\/\/www.lesheuresmusicalesdecunault.fr\/contents\/medias\/2016\/04\/Damien-H\u00e9risset.jpg 332w\" sizes=\"auto, (max-width: 199px) 100vw, 199px\" \/>\u00a0nouvelle page de l&#8217;aventure des Heures Musicales cr\u00e9\u00e9es pour faire connaitre et mettre en valeur l&#8217;instrument n\u00e9o-classique install\u00e9 dans la nef en 1981 et qu&#8217;il sert avec brio depuis une quinzaine d&#8217;ann\u00e9es.<\/p>\n","protected":false},"excerpt":{"rendered":"<p>Jaleh Perego, violon, Damien H\u00e9risset, orgue. T.A. Vitali, J.S. Bach, GF Haendel, C.M. Widor Le concert inaugural de la trente-quatri\u00e8me saison des Heures Musicales de Cunault sera confi\u00e9 \u00e0 la violoniste Jaleh Perego et \u00e0 l&#8217;organiste Damien H\u00e9risset, titulaire de&#8230; <a class=\"more-link\" href=\"https:\/\/www.lesheuresmusicalesdecunault.fr\/en\/boutique\/non-classe\/musique-de-chambre\/\">Continue Reading &rarr;<\/a><\/p>\n","protected":false},"featured_media":0,"comment_status":"open","ping_status":"closed","template":"","meta":{"_acf_changed":false},"product_brand":[],"product_cat":[40],"product_tag":[],"class_list":["post-571","product","type-product","status-publish","product_cat-non-classe","first","instock","shipping-taxable","purchasable","product-type-simple"],"acf":[],"_links":{"self":[{"href":"https:\/\/www.lesheuresmusicalesdecunault.fr\/en\/wp-json\/wp\/v2\/product\/571","targetHints":{"allow":["GET"]}}],"collection":[{"href":"https:\/\/www.lesheuresmusicalesdecunault.fr\/en\/wp-json\/wp\/v2\/product"}],"about":[{"href":"https:\/\/www.lesheuresmusicalesdecunault.fr\/en\/wp-json\/wp\/v2\/types\/product"}],"replies":[{"embeddable":true,"href":"https:\/\/www.lesheuresmusicalesdecunault.fr\/en\/wp-json\/wp\/v2\/comments?post=571"}],"wp:attachment":[{"href":"https:\/\/www.lesheuresmusicalesdecunault.fr\/en\/wp-json\/wp\/v2\/media?parent=571"}],"wp:term":[{"taxonomy":"product_brand","embeddable":true,"href":"https:\/\/www.lesheuresmusicalesdecunault.fr\/en\/wp-json\/wp\/v2\/product_brand?post=571"},{"taxonomy":"product_cat","embeddable":true,"href":"https:\/\/www.lesheuresmusicalesdecunault.fr\/en\/wp-json\/wp\/v2\/product_cat?post=571"},{"taxonomy":"product_tag","embeddable":true,"href":"https:\/\/www.lesheuresmusicalesdecunault.fr\/en\/wp-json\/wp\/v2\/product_tag?post=571"}],"curies":[{"name":"wp","href":"https:\/\/api.w.org\/{rel}","templated":true}]}}

<p>Jaleh Perego, violon, Damien Hérisset, orgue.</p>
<p><strong>T.A. Vitali, J.S. Bach, GF Haendel, C.M. Widor</strong></p>
<p>Le concert inaugural de la trente-quatrième saison des Heures Musicales de Cunault sera confié à la violoniste Jaleh Perego et à l&#8217;organiste Damien Hérisset, titulaire de l&#8217;orgue de la Prieurale de Cunault et directeur musical des H.M.C. La virtuosité et la sensibilité de celle qui durant son enfance avait eu l&#8217;honneur et la joie de correspondre avec Sir Yehudi Menuhin, s&#8217;exprimeront pleinement dans le vaste espace sonore qu&#8217;offre l&#8217;édifice.            <img loading="lazy" decoding="async" class="wp-image-508 aligncenter" src="https://www.lesheuresmusicalesdecunault.fr/contents/medias/2016/03/Jaleh-Perego-300x225.jpg" alt="Jaleh Perego" width="6" height="5" srcset="https://www.lesheuresmusicalesdecunault.fr/contents/medias/2016/03/Jaleh-Perego-300x300.jpg 300w, https://www.lesheuresmusicalesdecunault.fr/contents/medias/2016/03/Jaleh-Perego-100x100.jpg 100w, https://www.lesheuresmusicalesdecunault.fr/contents/medias/2016/03/Jaleh-Perego-150x100.jpg 150w, https://www.lesheuresmusicalesdecunault.fr/contents/medias/2016/03/Jaleh-Perego-350x350.jpg 350w, https://www.lesheuresmusicalesdecunault.fr/contents/medias/2016/03/Jaleh-Perego-280x200.jpg 280w, https://www.lesheuresmusicalesdecunault.fr/contents/medias/2016/03/Jaleh-Perego-200x150.jpg 200w, https://www.lesheuresmusicalesdecunault.fr/contents/medias/2016/03/Jaleh-Perego.jpg 480w" sizes="auto, (max-width: 6px) 100vw, 6px" /></p>
<p><img loading="lazy" decoding="async" class="wp-image-508 alignnone" src="https://www.lesheuresmusicalesdecunault.fr/contents/medias/2016/03/Jaleh-Perego-300x225.jpg" alt="Jaleh Perego" width="197" height="148" srcset="https://www.lesheuresmusicalesdecunault.fr/contents/medias/2016/03/Jaleh-Perego-300x225.jpg 300w, https://www.lesheuresmusicalesdecunault.fr/contents/medias/2016/03/Jaleh-Perego-200x150.jpg 200w, https://www.lesheuresmusicalesdecunault.fr/contents/medias/2016/03/Jaleh-Perego.jpg 480w" sizes="auto, (max-width: 197px) 100vw, 197px" /></p>
<p>De son côté, comme accompagnateur ou comme soliste, Damien Hérisset écrira une <img loading="lazy" decoding="async" class="alignright size-medium wp-image-637" src="https://www.lesheuresmusicalesdecunault.fr/contents/medias/2016/04/Damien-Hérisset-199x300.jpg" alt="Damien Hérisset" width="199" height="300" srcset="https://www.lesheuresmusicalesdecunault.fr/contents/medias/2016/04/Damien-Hérisset-199x300.jpg 199w, https://www.lesheuresmusicalesdecunault.fr/contents/medias/2016/04/Damien-Hérisset.jpg 332w" sizes="auto, (max-width: 199px) 100vw, 199px" /> nouvelle page de l&#8217;aventure des Heures Musicales créées pour faire connaitre et mettre en valeur l&#8217;instrument néo-classique installé dans la nef en 1981 et qu&#8217;il sert avec brio depuis une quinzaine d&#8217;années.</p>

<p>Jaleh Perego, violon, Damien Hérisset, orgue. T.A. Vitali, J.S. Bach, GF Haendel, C.M. Widor Le concert inaugural de la trente-quatrième saison des Heures Musicales de Cunault sera confié à la violoniste Jaleh Perego et à l&#8217;organiste Damien Hérisset, titulaire de&#8230; <a class="more-link" href="https://www.lesheuresmusicalesdecunault.fr/en/boutique/non-classe/musique-de-chambre/">Continue Reading &rarr;</a></p>
